{"id":425,"date":"2024-01-03T17:29:28","date_gmt":"2024-01-03T16:29:28","guid":{"rendered":"https:\/\/olympiakarate.com\/?page_id=425"},"modified":"2024-08-15T16:08:01","modified_gmt":"2024-08-15T14:08:01","slug":"relations-publiques","status":"publish","type":"page","link":"https:\/\/olympiakarate.com\/index.php\/relations-publiques\/","title":{"rendered":"Relations Publiques"},"content":{"rendered":"\n<p>Le club \u00d4lympia LH \/ \u00d4lympia Karat\u00e9 remercie ceux qui nous accompagnent au quotidien <\/p>\n\n\n\n<figure class=\"wp-block-image size-large\"><img loading=\"lazy\" decoding=\"async\" width=\"996\" height=\"601\" src=\"https:\/\/olympiakarate.com\/wp-content\/uploads\/2024\/01\/logos.jpg\" alt=\"\" class=\"wp-image-426\" srcset=\"https:\/\/olympiakarate.com\/wp-content\/uploads\/2024\/01\/logos.jpg 996w, https:\/\/olympiakarate.com\/wp-content\/uploads\/2024\/01\/logos-300x181.jpg 300w, https:\/\/olympiakarate.com\/wp-content\/uploads\/2024\/01\/logos-768x463.jpg 768w\" sizes=\"(max-width: 706px) 89vw, (max-width: 767px) 82vw, 740px\" \/><\/figure>\n\n\n\n<p class=\"has-small-font-size\">La Ville du Havre  : <a href=\"https:\/\/www.lehavre.fr\/\">https:\/\/www.lehavre.fr\/<\/a><\/p>\n\n\n\n<p class=\"has-small-font-size\">Le SUAPS (Service universitaire d&rsquo;activit\u00e9s physiques et sportives) : <a href=\"https:\/\/www.univ-lehavre.fr\/fr\/vie-de-campus\/vie-sportive\/suaps\/\">https:\/\/www.univ-lehavre.fr\/fr\/vie-de-campus\/vie-sportive\/suaps\/<\/a><\/p>\n\n\n\n<p>Les f\u00e9d\u00e9rations, ligues et comit\u00e9s d\u00e9partementaux de Karat\u00e9<\/p>\n\n\n\n<p class=\"has-small-font-size\"><a href=\"https:\/\/sites.ffkarate.fr\/normandie\">https:\/\/sites.ffkarate.fr\/normandie<\/a><\/p>\n\n\n\n<p class=\"has-small-font-size\"><a href=\"https:\/\/sites.ffkarate.fr\/seinemaritime\">https:\/\/sites.ffkarate.fr\/seinemaritime<\/a><\/p>\n\n\n\n<p class=\"has-small-font-size\">La f\u00e9d\u00e9ration Sport pour tous : <a href=\"https:\/\/oldcr.sportspourtous.org\/normandie\/accueil\/\">https:\/\/oldcr.sportspourtous.org\/normandie\/accueil\/<\/a><\/p>\n","protected":false},"excerpt":{"rendered":"<p>Le club \u00d4lympia LH \/ \u00d4lympia Karat\u00e9 remercie ceux qui nous accompagnent au quotidien La Ville du Havre : https:\/\/www.lehavre.fr\/ Le SUAPS (Service universitaire d&rsquo;activit\u00e9s physiques et sportives) : https:\/\/www.univ-lehavre.fr\/fr\/vie-de-campus\/vie-sportive\/suaps\/ Les f\u00e9d\u00e9rations, ligues et comit\u00e9s d\u00e9partementaux de Karat\u00e9 https:\/\/sites.ffkarate.fr\/normandie https:\/\/sites.ffkarate.fr\/seinemaritime La f\u00e9d\u00e9ration Sport pour tous : https:\/\/oldcr.sportspourtous.org\/normandie\/accueil\/<\/p>\n","protected":false},"author":2,"featured_media":0,"parent":0,"menu_order":0,"comment_status":"closed","ping_status":"closed","template":"","meta":{"footnotes":""},"class_list":["post-425","page","type-page","status-publish","hentry"],"jetpack_sharing_enabled":true,"jetpack_likes_enabled":true,"_links":{"self":[{"href":"https:\/\/olympiakarate.com\/index.php\/wp-json\/wp\/v2\/pages\/425"}],"collection":[{"href":"https:\/\/olympiakarate.com\/index.php\/wp-json\/wp\/v2\/pages"}],"about":[{"href":"https:\/\/olympiakarate.com\/index.php\/wp-json\/wp\/v2\/types\/page"}],"author":[{"embeddable":true,"href":"https:\/\/olympiakarate.com\/index.php\/wp-json\/wp\/v2\/users\/2"}],"replies":[{"embeddable":true,"href":"https:\/\/olympiakarate.com\/index.php\/wp-json\/wp\/v2\/comments?post=425"}],"version-history":[{"count":4,"href":"https:\/\/olympiakarate.com\/index.php\/wp-json\/wp\/v2\/pages\/425\/revisions"}],"predecessor-version":[{"id":491,"href":"https:\/\/olympiakarate.com\/index.php\/wp-json\/wp\/v2\/pages\/425\/revisions\/491"}],"wp:attachment":[{"href":"https:\/\/olympiakarate.com\/index.php\/wp-json\/wp\/v2\/media?parent=425"}],"curies":[{"name":"wp","href":"https:\/\/api.w.org\/{rel}","templated":true}]}}